et v(c) = c**2 - 1. Let r be v(-2). Let d(g) = 2*g**2 - 2*g + 4. What is the units digit of d(r)?
6
Let c(z) = -z**3 - 9*z**2 - 2*z - 7. What is the tens digit of c(-9)?
1
What is the tens digit of (3/2)/(5/60)?
1
Let b be 3 + (-2)/(-4)*-6. Let t be (b - 0)/(4 - 2). Suppose t*u - 4*u + 9 = -5*p, 4*u + 2*p - 2 = 0. What is the units digit of u?
1
Suppose s - 11 - 5 = 0. Suppose -v = -s + 4. What is the units digit of v?
2
Suppose -5*d + 953 = b + 3*b, 3*d - 569 = -b. What is the units digit of d?
9
Let z be 4/(-6) - 4/3. Let m(p) = 2 - p - 2*p**3 - 4 - 2*p**2 + 4. What is the units digit of m(z)?
2
Let q(l) = -l**3 - 21*l**2 + 17*l - 15. What is the tens digit of q(-22)?
9
Let a be (4/6)/((-3)/(-18)). Let g be a - ((-2)/(-2) - 1). Suppose 3*n = 11 + g. What is the units digit of n?
5
Let b(h) = h**3 + 2*h**2 - 4*h - 1. Let v be b(-3). Suppose v = f - 0*f. What is the units digit of f?
2
Let j(n) be the second derivative of -1/20*n**5 + 0 - 2*n + 1/3*n**3 - 2*n**2 + 1/4*n**4. What is the units digit of j(3)?
2
Let f(r) = 46*r**3. What is the tens digit of f(1)?
4
Let h(n) be the second derivative of n**4/12 - n**3/3 - n**2/2 - 3*n. What is the units digit of h(-2)?
7
Suppose -2*v + 4*k + 30 = 0, 4*v + 7*k - 11*k - 52 = 0. What is the tens digit of v?
1
Suppose 70 + 53 = 3*f. What is the units digit of f?
1
Suppose 3*j = -9, -3*j - 56 = -w + 35. What is the units digit of w?
2
Let r = -370 + 576. What is the units digit of r?
6
Let u = -28 - -63. Let c = -10 + u. What is the units digit of c?
5
Let s be (9/(-3) + 3)/2. Suppose s = -r + 5*a + 25, -3*r + 0*r - a + 11 = 0. Suppose -3*x + 2*h + 19 = -0*x, -r*h - 13 = 4*x. What is the units digit of x?
3
What is the tens digit of 57 + 0 + (-3 - 0) - 0?
5
Let d be 10/(-4) - 1/(-2). Let b be d/(-3) - (-10)/3. What is the units digit of 18/b + (-4)/8?
4
Let b(l) = l**3 + 6*l**2 + 2*l. Let s be b(-4). Suppose 0 = -2*v - j + 21, -v - 2*j = 3*j - s. What is the units digit of v?
9
Let j = -14 - -14. Suppose j*t + 94 = 5*k - 3*t, 90 = 4*k + 5*t. What is the tens digit of k?
2
Let v(a) = a**3 + 4*a**2 + 5. Let r be v(-4). Suppose -5*z - 35 = -3*n, r*z + 2 = 2*n - 23. What is the units digit of n?
0
Let a(m) = 5*m**2 - 12*m + 9. Let z(o) = -11*o**2 + 25*o - 18. Let u be -1 - ((-6)/(-2) - 0). Let t(w) = u*z(w) - 9*a(w). What is the units digit of t(6)?
3
Let a(k) = k**2 - 7*k - 6. Suppose -3*h + 2*c + 19 = 0, -5*h + 0*c + 30 = -5*c. Let u be a(h). Let y = 7 + u. What is the units digit of y?
1
Let u(z) = z**2 + z - 2. Let f(d) = -3*d**2 - 5*d + 9. Let o(y) = 2*f(y) + 9*u(y). What is the units digit of o(2)?
0
Let b(s) = s**2 - s + 7. Let d be b(0). Let r = 58 - 41. Let h = r - d. What is the tens digit of h?
1
Let d(m) = -12*m**3 + m**2. Let l be d(-1). Let j(g) = -g + 16. Let v be j(8). Let r = l - v. What is the units digit of r?
5
Let g be ((-20)/(-8))/((-2)/(-20)). Suppose -4*r = -4*u + g - 133, -20 = 5*u. What is the units digit of r?
3
Let f = -18 - -37. Let y = 34 - f. What is the tens digit of -2 - (-5)/(y/42)?
1
Let d(a) = -2*a. Let t be d(3). Let p(o) be the third derivative of -o**4/24 + o**3/6 - o**2. What is the units digit of p(t)?
7
Let r(k) = k**2 - 1. Let i be r(2). Suppose -31 = -5*p - 3*s, 19 = p + 4*p - i*s. Suppose 0 = -p*l + l + 8. What is the units digit of l?
2
Let t(n) = -113*n + 1. What is the units digit of t(-3)?
0
Suppose 5*b - 8*b = -99. Let v = 62 - b. What is the tens digit of v?
2
Let l(a) = -a**2 + 18*a - 17. What is the units digit of l(13)?
8
Let k(i) = -5 + 4*i + 10 + 4*i**2 - 3*i**2. Let y be k(-4). Suppose -5*n = -0*n - y. What is the units digit of n?
1
Let j = -37 + 72. What is the tens digit of j?
3
Let z = 12 - 12. Suppose z*q + 5*l - 140 = -5*q, 3*q - 86 = -5*l. What is the units digit of q?
7
Suppose 0 = 5*u + 22 - 2. What is the units digit of u/12 - 66/(-9)?
7
Let m(g) = 2*g**2 - 13*g + 26. What is the units digit of m(10)?
6
Let t = 88 + -22. What is the tens digit of t?
6
What is the units digit of (-231)/35*(-20)/2?
6
Suppose u - 3*m = -3*u - 18, -5*m = 10. Suppose 3 = -2*p - 3. What is the units digit of 10/u*p + 1?
6
Let o = 25 + -3. What is the tens digit of o/((-2)/(-1 - 1))?
2
Let g = -324 - -621. What is the tens digit of g?
9
Let q(z) = 3*z**2 + 2*z + 1. Let s be q(-1). What is the units digit of (s/3)/(4/18)?
3
Let z(t) = 8*t**2 - 2*t + 1. Let h be z(1). Suppose -10 - h = -w + 5*o, -5*w = -4*o - 22. Suppose -2*f + 0*f + w = 0. What is the units digit of f?
1
Let f = -4 - -5. Let j be -2 + 1 + (-10 - f). Let x = j - -26. What is the units digit of x?
4
Suppose 2 = a - 17. Suppose -2*m + 3*m = a. What is the tens digit of m?
1
What is the tens digit of 4/(-10) - 137/(-5)?
2
Let u be (-5)/(2/2 - 2). Suppose -5*s + 0*r = -3*r - 1, 3*s = -u*r + 21. Suppose l - 2*l = -s. What is the units digit of l?
2
Let v(m) = -4*m**3 - 2. Let k = 23 - 25. What is the units digit of v(k)?
0
Suppose -j + 3*v = 4*j + 27, 3*j = -2*v - 20. Let l(r) = 2*r**2 + 7*r - 8. What is the units digit of l(j)?
2
Suppose -14 = -d + 9. What is the tens digit of d?
2
Let b = 15 - -12. What is the units digit of b?
7
Suppose -5*a = -5*q + 6*q - 72, -4*q = -2*a - 288. Suppose 0 = 5*j + 2 - q. What is the units digit of j?
4
Suppose -5*m + 42 = -3*m. What is the tens digit of m?
2
Suppose 4*p - 897 = -5*v, 3*v - 2 = 1. What is the units digit of p?
3
Let g(j) = -j**2 + 17*j - 6. Let p be g(12). Suppose 62 = 4*z - p. What is the units digit of z?
9
Suppose -21 = 5*k - 1. Let x = 11 + k. What is the units digit of x?
7
Let z(w) = w**3 + w - 2 + 3 + w**2 + w**2. Let y be z(-1). What is the units digit of (y - 0)*(1 + 0)?
1
Let q(j) = j**2 + 7*j. Let l be q(-7). Suppose 17 = 5*i - u, 11 = i + 4*i + 2*u. Suppose l = -x - i*x + 32. What is the units digit of x?
8
Let k(o) be the second derivative of 2*o**5/5 + o**4/12 - o**2/2 - 2*o. Let v be k(1). Let u(y) = -y**3 + 9*y**2 - 8*y + 12. What is the units digit of u(v)?
2
Suppose -6*h + 2*h + 144 = -2*k, -4*k = 8. Suppose -2*p + 0*j + 34 = 4*j, -j = 4*p - 96. Let a = h - p. What is the tens digit of a?
1
Suppose 0 = l + 4*u - 38, -2*u + 12 = 2. Suppose -3*d = -d - l. What is the units digit of d?
9
Let w = 17 + -12. Suppose -15 = -w*q + 10. Let r = -4 + q. What is the units digit of r?
1
Suppose -5*f - 20 = -w, -3*w + 4 = 2*w - f. Suppose w = -2*o - 3*o + 30. Suppose -c + 2*c = -2*v + o, 4*c = -3*v + 4. What is the units digit of v?
4
Let x = -4 - -6. Let g(b) = 0 - 3*b - 1 + 2*b**2 + 3. What is the units digit of g(x)?
4
Suppose -2*u + 16 = 2*u. Suppose 0 = -u*i - 12, 2*o + 0*i + 5*i = -7. Let y = 9 + o. What is the units digit of y?
3
Let j = 4 - 4. Suppose 3 = 3*m - j. What is the units digit of m?
1
Suppose 18*h + 1720 = 22*h. What is the tens digit of h?
3
Suppose 204 = -2*t + 5*t. What is the tens digit of t?
6
What is the hundreds digit of 28/14 - (-126 - -1)?
1
Suppose -2*o + 19 = 1. Suppose -3*y = 4*r - 147, o = r + 2*y - 29. What is the tens digit of r?
3
Suppose -6*b = 36 - 210. What is the units digit of b?
9
Let l be 36/16 - (-2)/(-8). Suppose 0 = l*f - 3*f + 9. Let r = -2 + f. What is the units digit of r?
7
Let f(x) = x + 10. Let u be f(-7). Suppose 148 = b + u*b. What is the tens digit of b?
3
Let l(j) = 2*j**2 - 3*j - 5. What is the tens digit of l(-6)?
8
Let w = -21 + 15. What is the units digit of ((-3)/6)/(w/72)?
6
Suppose -2*v = -4*r + 78, 3*v + 4*r + 43 = -94. Let c = -23 - v. What is the units digit of c?
0
Let y(b) = b + 4. What is the units digit of y(4)?
8
Suppose -5*j + 2*j = -3. Let d be 0 + 1 + j + 2. What is the units digit of (2/4)/(d/16)?
2
Let g(y) = -y**2 - 6*y. Let o be g(-8). What is the units digit of -3*o/(-20)*-5?
2
Let w(n) = n**2 - 15*n + 25. What is the tens digit of w(18)?
7
Let b = 2 + 2. Let h be (b/10)/(1/10). Suppose -10 = -5*f, 3*z + 0*f + 5 = h*f. What is the units digit of z?
1
Let g(q) = q**2 - 3*q + 2. Let l(o) = 2 + 1 - o + 1 - 1. Let y be l(0). What is the units digit of g(y)?
2
Let k = -3 - -3. Suppose 2*z - 4 = 4*z. What is the units digit of 5*(2 - k/z)?
0
What is the tens digit of 1662/15 - 2/(-10)?
1
Suppose o = -2*k + 123, o + 375 = 4*o + 4*k. What is the tens digit of o?
2
Let o = -12 - -19. Let g(a) = a**3 - a**2 - a. Let y(t) = 3*t**3 - 9*t**2 - 9. Let n(x) = -2*g(x) + y(x). What is t